{"id":609,"date":"2026-04-21T14:28:14","date_gmt":"2026-04-21T14:28:14","guid":{"rendered":"https:\/\/cascaisoeiraslisboa.pt\/?page_id=609"},"modified":"2026-04-21T15:36:14","modified_gmt":"2026-04-21T15:36:14","slug":"kit-participante","status":"publish","type":"page","link":"https:\/\/cascaisoeiraslisboa.pt\/index.php\/kit-participante\/","title":{"rendered":"KIT PARTICIPANTE"},"content":{"rendered":"\n<div id=\"wp-block-themeisle-blocks-advanced-columns-f0bf6fda\" class=\"wp-block-themeisle-blocks-advanced-columns alignfull has-1-columns has-desktop-equal-layout has-tablet-equal-layout has-mobile-equal-layout has-vertical-unset\"><div class=\"wp-block-themeisle-blocks-advanced-columns-overlay\"><\/div><div class=\"innerblocks-wrap\">\n<div id=\"wp-block-themeisle-blocks-advanced-column-d86c0863\" class=\"wp-block-themeisle-blocks-advanced-column\"><\/div>\n<\/div><\/div>\n\n\n\n<div id=\"wp-block-themeisle-blocks-advanced-columns-9a38cbaa\" class=\"wp-block-themeisle-blocks-advanced-columns alignfull has-2-columns has-desktop-equal-layout has-tablet-twoOne-layout has-mobile-collapsedRows-layout has-vertical-unset ticss-af0b49bf has-light-bg\"><div class=\"wp-block-themeisle-blocks-advanced-columns-overlay\"><\/div><div class=\"innerblocks-wrap\">\n<div id=\"wp-block-themeisle-blocks-advanced-column-ea20ba02\" class=\"wp-block-themeisle-blocks-advanced-column has-light-bg\">\n<h1 id=\"wp-block-themeisle-blocks-advanced-heading-d67790d0\" class=\"wp-block-themeisle-blocks-advanced-heading wp-block-themeisle-blocks-advanced-heading-d67790d0\">Levantamento<br>kit participante<\/h1>\n\n\n\n<p class=\"has-neve-text-color-color has-text-color\" style=\"font-size:19px\"><strong>Fica atento \u00e0s datas <\/strong>e prepara tudo com anteced\u00eancia para aproveitares ao m\u00e1ximo a tua prova.<\/p>\n\n\n\n<div class=\"wp-block-uagb-countdown uagb-block-2a7d7e8f\"><div class=\"wp-block-uagb-countdown__box wp-block-uagb-countdown__box-days\"><div role=\"timer\" aria-live=\"off\" class=\"wp-block-uagb-countdown__time wp-block-uagb-countdown__time-days\">&#8211;<\/div><div class=\"wp-block-uagb-countdown__label\">DIAS<\/div><\/div><div class=\"wp-block-uagb-countdown__box wp-block-uagb-countdown__box-hours\"><div role=\"timer\" aria-live=\"off\" class=\"wp-block-uagb-countdown__time wp-block-uagb-countdown__time-hours\">&#8211;<\/div><div class=\"wp-block-uagb-countdown__label\">HORAS<\/div><\/div><div class=\"wp-block-uagb-countdown__box wp-block-uagb-countdown__box-minutes\"><div role=\"timer\" aria-live=\"off\" class=\"wp-block-uagb-countdown__time wp-block-uagb-countdown__time-minutes\">&#8211;<\/div><div class=\"wp-block-uagb-countdown__label\">MINUTOS<\/div><\/div><div class=\"wp-block-uagb-countdown__box wp-block-uagb-countdown__box-seconds\"><div role=\"timer\" aria-live=\"off\" class=\"wp-block-uagb-countdown__time wp-block-uagb-countdown__time-seconds\">&#8211;<\/div><div class=\"wp-block-uagb-countdown__label\">SEGUNDOS<\/div><\/div><\/div>\n\n\n\n<div style=\"height:50px\" aria-hidden=\"true\" class=\"wp-block-spacer\"><\/div>\n\n\n\n<p>Quinta-feira |&nbsp;<strong>05 de novembro de 2026<\/strong><br><strong>+<\/strong>&nbsp;<strong>15h00 \u00e0s 20h00<\/strong>&nbsp;|&nbsp;Local brevemente dispon\u00edvel<br>Sexta-feira |&nbsp;<strong>06&nbsp;<strong>de novembro<\/strong>&nbsp;de 2026<\/strong><br><strong>+<\/strong>&nbsp;<strong>10h00 \u00e0s 20h00<\/strong>&nbsp;|&nbsp;Local brevemente dispon\u00edvel<br>S\u00e1bado |&nbsp;<strong>07&nbsp;<strong>de novembro<\/strong>&nbsp;de 2026<\/strong><br><strong>+<\/strong>&nbsp;<strong>10h00 \u00e0s 18h00<\/strong>&nbsp;|&nbsp;Local brevemente dispon\u00edvel<\/p>\n\n\n\n<div style=\"height:25px\" aria-hidden=\"true\" class=\"wp-block-spacer\"><\/div>\n<\/div>\n\n\n\n<div id=\"wp-block-themeisle-blocks-advanced-column-9872d4c1\" class=\"wp-block-themeisle-blocks-advanced-column\">\n<blockquote class=\"wp-block-quote is-layout-flow wp-block-quote-is-layout-flow\">\n<p class=\"has-nv-c-2-color has-text-color has-link-color wp-elements-72cc1aa6bb1412621c25f7faa58d9184\"><strong>N\u00c3O EXISTE LEVANTAMENTO NO DIA DO EVENTO<\/strong><\/p>\n<\/blockquote>\n\n\n\n<h4 class=\"wp-block-heading has-neve-link-hover-color-color has-text-color has-link-color wp-elements-dff23c8ea9b897f16e8c7eb0832d20a3\">Documentos necess\u00e1rios para o levantamento Kit&nbsp;Participante<\/h4>\n\n\n\n<p><strong>+<\/strong>&nbsp;<strong>Documento de identifica\u00e7\u00e3o<\/strong>&nbsp;|&nbsp;<em>Cart\u00e3o Cidad\u00e3o, Passaporte ou outro com foto e nome).<\/em><br><strong>+<\/strong>&nbsp;<strong>N\u00famero de dorsal<\/strong>&nbsp;que te foi atribu\u00eddo por email, ap\u00f3s a inscri\u00e7\u00e3o. Podes consultar o teu dorsal em&nbsp;<a href=\"https:\/\/plataformaxistarca.pt\/\">https:\/\/plataformaxistarca.pt<\/a><\/p>\n\n\n\n<blockquote class=\"wp-block-quote is-layout-flow wp-block-quote-is-layout-flow\">\n<p class=\"has-nv-c-2-color has-text-color has-link-color has-small-font-size wp-elements-0f3c28ca0ddfe780ec01d10c97c41208\" style=\"text-transform:uppercase\"><strong>Para LEVANTARES O Kit Participante DE outro atleta, precisaS de apresentar os mesmos documentos acima mencionados.<\/strong><\/p>\n<\/blockquote>\n<\/div>\n<\/div><\/div>\n\n\n\n<hr class=\"wp-block-separator alignfull has-text-color has-neve-link-color-color has-alpha-channel-opacity has-neve-link-color-background-color has-background is-style-wide\"\/>\n\n\n\n<div class=\"wp-block-columns alignwide are-vertically-aligned-center is-layout-flex wp-container-core-columns-is-layout-9d6595d7 wp-block-columns-is-layout-flex\">\n<div class=\"wp-block-column is-vertically-aligned-center is-layout-flow wp-block-column-is-layout-flow\"><div class=\"wp-block-image\">\n<figure class=\"aligncenter size-full is-resized\"><img loading=\"lazy\" decoding=\"async\" width=\"940\" height=\"272\" src=\"https:\/\/cascaisoeiraslisboa.pt\/wp-content\/uploads\/2026\/04\/MEIA-MARATONA-DA-MARGINAL-08.png\" alt=\"\" class=\"wp-image-515\" style=\"aspect-ratio:3.4561544650040226;object-fit:cover;width:auto;height:50px\" srcset=\"https:\/\/cascaisoeiraslisboa.pt\/wp-content\/uploads\/2026\/04\/MEIA-MARATONA-DA-MARGINAL-08.png 940w, https:\/\/cascaisoeiraslisboa.pt\/wp-content\/uploads\/2026\/04\/MEIA-MARATONA-DA-MARGINAL-08-300x87.png 300w, https:\/\/cascaisoeiraslisboa.pt\/wp-content\/uploads\/2026\/04\/MEIA-MARATONA-DA-MARGINAL-08-768x222.png 768w\" sizes=\"auto, (max-width: 940px) 100vw, 940px\" \/><\/figure>\n<\/div><\/div>\n\n\n\n<div class=\"wp-block-column is-vertically-aligned-center is-layout-flow wp-block-column-is-layout-flow\"><div class=\"wp-block-image\">\n<figure class=\"aligncenter size-large is-resized\"><img loading=\"lazy\" decoding=\"async\" width=\"1024\" height=\"338\" src=\"https:\/\/cascaisoeiraslisboa.pt\/wp-content\/uploads\/2026\/04\/MEIA-MARATONA-DA-MARGINAL-09-1024x338.png\" alt=\"\" class=\"wp-image-516\" style=\"aspect-ratio:3.0296191819464036;object-fit:cover;width:auto;height:70px\" srcset=\"https:\/\/cascaisoeiraslisboa.pt\/wp-content\/uploads\/2026\/04\/MEIA-MARATONA-DA-MARGINAL-09-1024x338.png 1024w, https:\/\/cascaisoeiraslisboa.pt\/wp-content\/uploads\/2026\/04\/MEIA-MARATONA-DA-MARGINAL-09-300x99.png 300w, https:\/\/cascaisoeiraslisboa.pt\/wp-content\/uploads\/2026\/04\/MEIA-MARATONA-DA-MARGINAL-09-768x254.png 768w, https:\/\/cascaisoeiraslisboa.pt\/wp-content\/uploads\/2026\/04\/MEIA-MARATONA-DA-MARGINAL-09.png 1345w\" sizes=\"auto, (max-width: 1024px) 100vw, 1024px\" \/><\/figure>\n<\/div><\/div>\n\n\n\n<div class=\"wp-block-column is-vertically-aligned-center is-layout-flow wp-block-column-is-layout-flow\"><div class=\"wp-block-image\">\n<figure class=\"aligncenter size-full is-resized\"><img loading=\"lazy\" decoding=\"async\" width=\"886\" height=\"241\" src=\"https:\/\/cascaisoeiraslisboa.pt\/wp-content\/uploads\/2026\/04\/MEIA-MARATONA-DA-MARGINAL-10.png\" alt=\"\" class=\"wp-image-517\" style=\"aspect-ratio:3.677295099507811;object-fit:cover;width:auto;height:50px\" srcset=\"https:\/\/cascaisoeiraslisboa.pt\/wp-content\/uploads\/2026\/04\/MEIA-MARATONA-DA-MARGINAL-10.png 886w, https:\/\/cascaisoeiraslisboa.pt\/wp-content\/uploads\/2026\/04\/MEIA-MARATONA-DA-MARGINAL-10-300x82.png 300w, https:\/\/cascaisoeiraslisboa.pt\/wp-content\/uploads\/2026\/04\/MEIA-MARATONA-DA-MARGINAL-10-768x209.png 768w\" sizes=\"auto, (max-width: 886px) 100vw, 886px\" \/><\/figure>\n<\/div><\/div>\n\n\n\n<div class=\"wp-block-column is-vertically-aligned-center is-layout-flow wp-block-column-is-layout-flow\"><div class=\"wp-block-image\">\n<figure class=\"aligncenter size-large is-resized\"><img loading=\"lazy\" decoding=\"async\" width=\"1024\" height=\"226\" src=\"https:\/\/cascaisoeiraslisboa.pt\/wp-content\/uploads\/2026\/04\/MEIA-MARATONA-DA-MARGINAL-11-1024x226.png\" alt=\"\" class=\"wp-image-518\" style=\"aspect-ratio:4.531645569620253;object-fit:cover;width:auto;height:50px\" srcset=\"https:\/\/cascaisoeiraslisboa.pt\/wp-content\/uploads\/2026\/04\/MEIA-MARATONA-DA-MARGINAL-11-1024x226.png 1024w, https:\/\/cascaisoeiraslisboa.pt\/wp-content\/uploads\/2026\/04\/MEIA-MARATONA-DA-MARGINAL-11-300x66.png 300w, https:\/\/cascaisoeiraslisboa.pt\/wp-content\/uploads\/2026\/04\/MEIA-MARATONA-DA-MARGINAL-11-768x170.png 768w, https:\/\/cascaisoeiraslisboa.pt\/wp-content\/uploads\/2026\/04\/MEIA-MARATONA-DA-MARGINAL-11.png 1214w\" sizes=\"auto, (max-width: 1024px) 100vw, 1024px\" \/><\/figure>\n<\/div><\/div>\n<\/div>\n\n\n\n<p class=\"has-text-align-center has-small-font-size\"><strong>APOIO AO CLIENTE<\/strong>&nbsp;| Cal\u00e7ada da Tapada, 71A 1349-012 Lisboa |&nbsp;<strong>Hor\u00e1rio de funcionamento:<\/strong>&nbsp;Segunda a Sexta-feira: 09h30 \u00e0s 13h00 e das 14h00 \u00e0s 18h30<br>Tel.: 213 616 160 \/ geral@xistarca.pt \/ resultados@xistarca.pt<\/p>\n","protected":false},"excerpt":{"rendered":"<p>APOIO AO CLIENTE&nbsp;| Cal\u00e7ada da Tapada, 71A 1349-012 Lisboa |&nbsp;Hor\u00e1rio de funcionamento:&nbsp;Segunda a Sexta-feira: 09h30 \u00e0s 13h00 e das 14h00 \u00e0s 18h30Tel.: 213 616 160 \/ geral@xistarca.pt \/ resultados@xistarca.pt<\/p>\n","protected":false},"author":3,"featured_media":0,"parent":0,"menu_order":0,"comment_status":"closed","ping_status":"closed","template":"","meta":{"_uag_custom_page_level_css":"","neve_meta_sidebar":"full-width","neve_meta_container":"contained","neve_meta_enable_content_width":"on","neve_meta_content_width":100,"neve_meta_title_alignment":"","neve_meta_author_avatar":"","neve_post_elements_order":"","neve_meta_disable_header":"","neve_meta_disable_footer":"","neve_meta_disable_title":"on","_themeisle_gutenberg_block_has_review":false,"footnotes":""},"class_list":["post-609","page","type-page","status-publish","hentry"],"uagb_featured_image_src":{"full":false,"thumbnail":false,"medium":false,"medium_large":false,"large":false,"1536x1536":false,"2048x2048":false,"neve-blog":false},"uagb_author_info":{"display_name":"erica.cardoso@xistarca.pt","author_link":"https:\/\/cascaisoeiraslisboa.pt\/index.php\/author\/erica-cardosoxistarca-pt\/"},"uagb_comment_info":0,"uagb_excerpt":"APOIO AO CLIENTE&nbsp;| Cal\u00e7ada da Tapada, 71A 1349-012 Lisboa |&nbsp;Hor\u00e1rio de funcionamento:&nbsp;Segunda a Sexta-feira: 09h30 \u00e0s 13h00 e das 14h00 \u00e0s 18h30Tel.: 213 616 160 \/ geral@xistarca.pt \/ resultados@xistarca.pt","_links":{"self":[{"href":"https:\/\/cascaisoeiraslisboa.pt\/index.php\/wp-json\/wp\/v2\/pages\/609","targetHints":{"allow":["GET"]}}],"collection":[{"href":"https:\/\/cascaisoeiraslisboa.pt\/index.php\/wp-json\/wp\/v2\/pages"}],"about":[{"href":"https:\/\/cascaisoeiraslisboa.pt\/index.php\/wp-json\/wp\/v2\/types\/page"}],"author":[{"embeddable":true,"href":"https:\/\/cascaisoeiraslisboa.pt\/index.php\/wp-json\/wp\/v2\/users\/3"}],"replies":[{"embeddable":true,"href":"https:\/\/cascaisoeiraslisboa.pt\/index.php\/wp-json\/wp\/v2\/comments?post=609"}],"version-history":[{"count":6,"href":"https:\/\/cascaisoeiraslisboa.pt\/index.php\/wp-json\/wp\/v2\/pages\/609\/revisions"}],"predecessor-version":[{"id":691,"href":"https:\/\/cascaisoeiraslisboa.pt\/index.php\/wp-json\/wp\/v2\/pages\/609\/revisions\/691"}],"wp:attachment":[{"href":"https:\/\/cascaisoeiraslisboa.pt\/index.php\/wp-json\/wp\/v2\/media?parent=609"}],"curies":[{"name":"wp","href":"https:\/\/api.w.org\/{rel}","templated":true}]}}